= t - b, 4*t - r - 124 = 2*r. What are the prime factors of t?
2, 7
Let v(i) = 14*i**3 + 19*i**2 - 20*i + 7. Let o(n) = 5*n**3 + 6*n**2 - 7*n + 2. Let b(z) = 8*o(z) - 3*v(z). List the prime factors of b(-8).
3, 137
Suppose 237*g = 229*g + 441464. What are the prime factors of g?
139, 397
Suppose 5*g - 3*n + 65 = -5*n, 4*n = 2*g + 50. Let c be (0 + -5)*(2 + 36/g). Suppose 0 = c*y - 10*y + 808. List the prime factors of y.
101
Let k = 2021 + 8482. Suppose -245*z + 236*z + k = 0. What are the prime factors of z?
3, 389
Suppose 82396 = 8*o - 57916. What are the prime factors of o?
17539
Suppose 50*a = 48*a + 120. Let u = -28 + a. Let i = -24 + u. What are the prime factors of i?
2
Let v be 4/12 + (-4568)/(-12). Let a = 267 - v. Let z = a + 163. List the prime factors of z.
7
Suppose 15*b = 37*b - 14102. Let s = b - 143. List the prime factors of s.
2, 3, 83
Let k = -104 - -100. Let c be (-77)/22*4/(-7). List the prime factors of (35*k + 2)*(-3)/c.
3, 23
Let x(m) = 151*m**2 - 651*m + 10. List the prime factors of x(6).
2, 5, 7, 11
Suppose -2*y = -t - 17 + 7, -5*y + 25 = -3*t. Suppose 2*b - 823 = 5*f, y*b - 334 = f + 1735. What are the prime factors of b?
2, 3, 23
Suppose 2*g - g - 4 = 0. Suppose -5*s + 15 = 0, -3*s + 80 + 49 = -g*v. What are the prime factors of 5/(v/(-364)) + (-3)/(-9)?
61
Let b(y) = -y + 20. Let m be b(9). Suppose 0*u + m*u = 2134. Suppose 4*z + 89 = k + 2*z, 0 = -2*k - 4*z + u. List the prime factors of k.
3, 31
Suppose 13*k = -2*u + 93014, -k - 3*u + 2183 + 4989 = 0. What are the prime factors of k?
2, 7, 73
Suppose -12*x + 2 - 14 = 0. Let o(g) = 59*g**2 + 2*g. Let b be o(x). Suppose -3*h - 3 = -b. List the prime factors of h.
2, 3
Suppose -5*x = 3*u - 33402, 0 = -u - 4*x + 11312 - 192. List the prime factors of u.
2, 7, 199
Suppose 23*u = -8*u + 806. Suppose u*p - 117 = 17*p. What are the prime factors of p?
13
Suppose 4*s + 5*c - 2439 = 0, c + 187 = s - 416. Suppose 3*f - 684 = s. List the prime factors of f.
2, 5, 43
Let s be (-10)/(-4) - (3 + (-10)/(-4)). List the prime factors of (-868)/(-16) + s/12.
2, 3
Let q = 79 - 46. Let t = -1666 + 2491. Suppose q*x - t = 28*x. List the prime factors of x.
3, 5, 11
Let b(f) = f**3 + 46*f**2 + 172*f + 59. List the prime factors of b(-38).
5, 7, 29
Suppose 2*c - 16 = 3*o, -50 = 2*o - 4*c - 26. List the prime factors of 118/(0 + o + 39/13).
2, 59
Suppose v - 5*f - 283 = 0, 915*f + 3 = 914*f. Let u be (-1 + 2)/((-3)/498). Let a = u + v. List the prime factors of a.
2, 3, 17
Suppose 2*x = -6, -2*x - 26 = 7*o - 12*o. Suppose -q + 1121 = -o*c, 8*c - 6 = 5*c. What are the prime factors of q?
1129
Suppose -5*h + 2*w + 19010 = 0, -7*w = -4*h - 3*w + 15220. What are the prime factors of h?
2, 5, 19
Suppose 11*a - 8*a = 1230. Let o = a - 326. List the prime factors of o.
2, 3, 7
Suppose 67*m - 30*m - 55870 = 0. What are the prime factors of m?
2, 5, 151
Let d be ((-125)/(-100))/(2/(-8)). Let y be 1/((2/(-2))/1). List the prime factors of y/(d/93)*5.
3, 31
Let m(t) = 29*t**2 - 181*t + 49. List the prime factors of m(-21).
7, 2377
Let f(k) = -13*k - 59. Let n be f(-22). Let z = n - -38. List the prime factors of z.
5, 53
Let m(v) = 34*v**3 - 11*v**2 - 77*v + 693. List the prime factors of m(8).
97, 173
What are the prime factors of (15 - (-1157)/(-65))/((-1)/80)?
2, 7
Suppose 3*y - 12*m - 30551 = -11*m, m = -3*y + 30559. List the prime factors of y.
3, 5, 7, 97
Let u(c) = c**2 + 10*c + 5. Suppose -2*d - 37 = -11. Let f be u(d). Let l = 47 + f. List the prime factors of l.
7, 13
Let d(b) be the first derivative of 29*b**2/2 + 54*b + 4. What are the prime factors of d(17)?
547
Let v(d) = -3*d + 16. Let c be v(4). Suppose 0 = c*u - 5*u. Let k = u - -181. List the prime factors of k.
181
Suppose -20 = -10*l + 12*l. Suppose 2*c - m - 12 = -56, -4*m = -5*c - 113. What are the prime factors of (-279)/c - l/(-35)?
13
Let i(x) = 5*x**2 - 27*x - 6. Let a be i(5). What are the prime factors of 9/45 + a/(-60)*1173?
313
Let y be (-18)/24 - (-69)/(-4). What are the prime factors of ((-622)/6)/(y/54)?
311
Suppose 207*o = 212*o + 2*t - 30224, 2*t = -6. What are the prime factors of o?
2, 3023
Let r(k) = -9*k - 12 + k**3 - 9*k + 3*k + 4*k**2 + k**2. Let y be r(-7). Let b(z) = -13*z + 27. List the prime factors of b(y).
2, 23
Let x be (-2)/1*(-15)/(-6)*-457. Suppose -h + 2*y = -1238, 4*h = y + 2646 + x. What are the prime factors of h?
2, 7, 11
Let g be (10/8)/(1/((-16)/(-4))). Suppose -g*r + 2456 = 461. Suppose -2*m - 3*b + r = 0, -4*m + 0*m + 802 = 2*b. List the prime factors of m.
3, 67
Let m(z) = 18*z**2 - 13*z - 4. Let y be m(-5). Suppose 5*o - y = -46. Suppose 6*r - o = 525. List the prime factors of r.
103
Suppose -2*f + 1017 = a, 1807 + 262 = 4*f - 5*a. Suppose v + f = 11*u - 8*u, 2*v = -2. List the prime factors of u.
2, 5, 17
Let v = -6639 + 12133. What are the prime factors of v?
2, 41, 67
Let z be (-34)/(-4)*1*-12*-1. Let u = -96 + z. List the prime factors of ((-2)/(20/u))/((-2)/710).
3, 71
Let g(u) = -7*u - 303. Let i be g(-44). Suppose 18*a = 14*a + i*v + 5408, 2*v + 1355 = a. What are the prime factors of a?
3, 449
Let n(j) = -61*j**2 + 3*j - 3. Let y be n(-3). Let m = -348 - y. What are the prime factors of m?
3, 71
Let y = 76858 - 25638. What are the prime factors of y?
2, 5, 13, 197
Suppose -2*r + 6 - 14 = 0. Let g be -1 - r - -456 - 0/1. Suppose 2*a - g = -3*w, 0 = 5*w + a + 2*a - 764. What are the prime factors of w?
151
Let m(q) = -10*q + 156. Let j(n) = 2*n - 31. Let a(w) = -11*j(w) - 2*m(w). Let p be a(14). What are the prime factors of (p + 129)*(-6 + (-204)/(-30))?
2, 13
Let v(i) = 7*i + 18. Let w be v(16). Let k = 390 + w. What are the prime factors of k?
2, 5, 13
Suppose -3*z - 25 = -19*z + 23. Suppose 6*h = h. Suppose -x + 208 = -5*s, 3*x + h*x + z*s = 624. List the prime factors of x.
2, 13
Suppose -5*y - 8 - 2 = z, 0 = 2*y + 8. Suppose 4*a - z = 9*a. List the prime factors of 1 + (20 - (1 - -1)) - a.
3, 7
Let m(p) be the first derivative of -p**4/4 + 17*p**3/3 - 15*p**2 + 2*p + 23. Let w be m(15). List the prime factors of (3/(-15))/(w/(-10)) + 60.
61
Suppose 4418 + 446 = -8*h. Let w = 986 + h. What are the prime factors of w?
2, 3, 7
Let y be 2 - -2 - (6 + -3). Let i be (3 - y)*(0 + 2). Suppose -324 = -i*c - 32. List the prime factors of c.
73
Suppose 3*u - 27 = -2*d, 2*u = 5*d - 3 + 2. Suppose 14 - u = q. List the prime factors of 100 + (q - 4)*1.
103
Let z be 1/(-2)*(1 - (-3 - -4)). Suppose 6*j - 4*j - 8 = z. What are the prime factors of (j/(-6))/(4/(-30))?
5
Let r(g) = 3854*g - 3 + g**2 + 5 - 3856*g + 554*g**3. What are the prime factors of r(1)?
3, 5, 37
Let d be ((-3)/(-4))/((-51895)/(-10380) + -5). List the prime factors of -3*6/54*d.
3, 173
Let l(w) = -576*w - 164. What are the prime factors of l(-12)?
2, 7, 241
Let t be (-8)/(-24) - 29/(-3). Suppose -2*s - t = 0, s = 2*o + 4 - 43. Suppose -6*z + o*z = 1188. What are the prime factors of z?
2, 3
Let w(f) = -74 - 76 - 83 - 65 - 168*f - 89. List the prime factors of w(-9).
3, 5
Suppose -12*z + 43 = -29. Suppose -o = g - z*o - 242, 4*o - 540 = -2*g. List the prime factors of g.
2, 131
Let a(j) = 4*j - 5. Let d be a(0). Let h be (-8)/(-12)*(-2 - d). Suppose -84 = -h*l + l. What are the prime factors of l?
2, 3, 7
Let b(i) = 56*i - 224. Let c be b(37). Suppose -7*g = -4*g - 3*a - c, -5*g + a = -3088. List the prime factors of g.
2, 3, 103
Suppose 0 = -3*x + 3 + 9. Suppose -4*l = -8, -x*c + 2*l - 122 = -3286. List the prime factors of c.
2, 3, 11
What are the prime factors of (-99968)/(-20) - 4 - 18/(-30)?
3, 5, 37
Let u be (-4)/(-6)*(-204)/(-8). Suppose 4*v + 5*c = -44, 5*v + 4*c + 63 = u. List the prime factors of (60/(-18))/(v/45).
5
Suppose -5*t + 38745 = 4*q, -5*t - q - 1871 = -40601. What are the prime factors of t?
5, 1549
Let z(h) = 23 - 97*h + 5 - 2. List the prime factors of z(-3).
317
Suppose -6*r + 8*r = 5*x + 151, -3*r + 2*x + 199 = 0. Suppose -36*q - 24462 = -r*q. What are the prime factors of q?
2, 3, 151
Suppose 4*f = 4*j - 51104, -2*j + 25567 = -75*f + 78*f. What are the prime factors of j?
13, 983
Let u(j) be the second derivative of 2*j**3/3 + j**2 - 10*j. Let g be u(-17). Let r = g - -103. What are the prime factors of r?
37
Let p(y) be the second derivative of y**4/12 + 13*y**3/6 + 19*y**2/2 - 25*y. Let r 